{"id":1290,"date":"2019-12-13T13:40:23","date_gmt":"2019-12-13T16:40:23","guid":{"rendered":"http:\/\/proctogastro.kinghost.net\/site1\/?page_id=1290"},"modified":"2020-02-12T14:53:58","modified_gmt":"2020-02-12T17:53:58","slug":"exames-2","status":"publish","type":"page","link":"https:\/\/proctogastro.com.br\/index.php\/exames-2\/","title":{"rendered":"Exames"},"content":{"rendered":"<div id=\"pl-1290\"  class=\"panel-layout\" ><div id=\"pg-1290-0\"  class=\"panel-grid panel-no-style\" ><div id=\"pgc-1290-0-0\"  class=\"panel-grid-cell\" ><div id=\"panel-1290-0-0-0\" class=\"so-panel widget widget_pw_featured_page widget-featured-page panel-first-child panel-last-child\" data-index=\"0\" >\n\t<div class=\"page-box  page-box--block\">\n\t\t\t\t<div class=\"page-box__content\">\n\t\t\t<h2 class=\"page-box__title\"><a href=\"https:\/\/proctogastro.com.br\/index.php\/exames-2\/bioimpendancia-corporal\/\">Bioimpend\u00e2ncia Corporal<\/a><\/h2>\n\t\t\t<p class=\"page-box__text\">Consiste na medi\u00e7\u00e3o das propriedades el\u00e9tricas dos materiais biol\u00f3gicos, as quais mudam ao longo do tempo. Foi utilizada inicialmente para &hellip;<\/p>\n\t\t\t\t\t<\/div>\n\t<\/div>\n\n<\/div><\/div><div id=\"pgc-1290-0-1\"  class=\"panel-grid-cell\" ><div id=\"panel-1290-0-1-0\" class=\"so-panel widget widget_pw_featured_page widget-featured-page panel-first-child panel-last-child\" data-index=\"1\" >\n\t<div class=\"page-box  page-box--block\">\n\t\t\t\t<div class=\"page-box__content\">\n\t\t\t<h2 class=\"page-box__title\"><a href=\"https:\/\/proctogastro.com.br\/index.php\/exames-2\/endoscopia\/\">Endoscopia Digestiva Alta e Baixa<\/a><\/h2>\n\t\t\t<p class=\"page-box__text\">A Procto Gastro possui um moderno e completo Servi\u00e7o de Endoscopia realizando todos os tipos de exames e procedimentos.\n\n\nV\u00eddeo Endoscopia &hellip;<\/p>\n\t\t\t\t\t<\/div>\n\t<\/div>\n\n<\/div><\/div><\/div><div id=\"pg-1290-1\"  class=\"panel-grid panel-no-style\" ><div id=\"pgc-1290-1-0\"  class=\"panel-grid-cell\" ><div id=\"panel-1290-1-0-0\" class=\"so-panel widget widget_pw_featured_page widget-featured-page panel-first-child panel-last-child\" data-index=\"2\" >\n\t<div class=\"page-box  page-box--block\">\n\t\t\t\t<div class=\"page-box__content\">\n\t\t\t<h2 class=\"page-box__title\"><a href=\"https:\/\/proctogastro.com.br\/index.php\/exames-2\/fisiologia-digestiva\/\">Fisiologia Digestiva<\/a><\/h2>\n\t\t\t<p class=\"page-box__text\">Abrange exames de:\n&nbsp;\n\nImpedanciopHmetria Esof\u00e1gica de 24H\n\n\npHmetria Esof\u00e1gica de 24H\n\n\nManometria Esof\u00e1gica Convencional\n\n\nManometria &hellip;<\/p>\n\t\t\t\t\t<\/div>\n\t<\/div>\n\n<\/div><\/div><div id=\"pgc-1290-1-1\"  class=\"panel-grid-cell\" ><div id=\"panel-1290-1-1-0\" class=\"so-panel widget widget_pw_featured_page widget-featured-page panel-first-child panel-last-child\" data-index=\"3\" >\n\t<div class=\"page-box  page-box--block\">\n\t\t\t\t<div class=\"page-box__content\">\n\t\t\t<h2 class=\"page-box__title\"><a href=\"https:\/\/proctogastro.com.br\/index.php\/exames-2\/procedimentos-endoscopicos\/\">Procedimentos Endosc\u00f3picos<\/a><\/h2>\n\t\t\t<p class=\"page-box__text\">&nbsp;\nS\u00e3o procedimentos intervencionistas realizados atrav\u00e9s ou em associa\u00e7\u00e3o com os exames de endoscopia. Entre os mais frequentes citamos:\n&nbsp;\n\nGastrostomia &hellip;<\/p>\n\t\t\t\t\t<\/div>\n\t<\/div>\n\n<\/div><\/div><\/div><div id=\"pg-1290-2\"  class=\"panel-grid panel-no-style\" ><div id=\"pgc-1290-2-0\"  class=\"panel-grid-cell\" ><div id=\"panel-1290-2-0-0\" class=\"so-panel widget widget_pw_featured_page widget-featured-page panel-first-child panel-last-child\" data-index=\"4\" >\n\t<div class=\"page-box  page-box--block\">\n\t\t\t\t<div class=\"page-box__content\">\n\t\t\t<h2 class=\"page-box__title\"><a href=\"https:\/\/proctogastro.com.br\/index.php\/exames-2\/ultrassonografia\/\">Ultrassonografia Geral e Especializada<\/a><\/h2>\n\t\t\t<p class=\"page-box__text\">&nbsp;\nA Procto Gastro possui modernos equipamentos de ultrassom, com profissionais qualificados realizando todos os tipos de exames, como:\n01- &hellip;<\/p>\n\t\t\t\t\t<\/div>\n\t<\/div>\n\n<\/div><\/div><div id=\"pgc-1290-2-1\"  class=\"panel-grid-cell\" ><div id=\"panel-1290-2-1-0\" class=\"so-panel widget widget_pw_featured_page widget-featured-page panel-first-child panel-last-child\" data-index=\"5\" >\n\t<div class=\"page-box  page-box--block\">\n\t\t\t\t<div class=\"page-box__content\">\n\t\t\t<h2 class=\"page-box__title\"><a href=\"https:\/\/proctogastro.com.br\/index.php\/exames-2\/preparo-de-exames\/\">Preparo de Exames<\/a><\/h2>\n\t\t\t<p class=\"page-box__text\">- Preparo de Exames, clique no exame para ler as orienta\u00e7\u00f5es!\n01- V\u00eddeo Endoscopia Digestiva Alta\n02- V\u00eddeo Colonoscopia\n03- Retossigmoidoscopia &hellip;<\/p>\n\t\t\t\t\t<\/div>\n\t<\/div>\n\n<\/div><\/div><\/div><\/div>","protected":false},"excerpt":{"rendered":"<p>Bioimpend\u00e2ncia Corporal Consiste na medi\u00e7\u00e3o das propriedades el\u00e9tricas dos materiais biol\u00f3gicos, as quais mudam ao longo do tempo. Foi utilizada inicialmente para &hellip; Endoscopia Digestiva Alta e Baixa A Procto Gastro possui um moderno e completo Servi\u00e7o de Endoscopia realizando todos os tipos de exames e procedimentos. V\u00eddeo Endoscopia &hellip; Fisiologia Digestiva Abrange exames de: &hellip;<\/p>\n","protected":false},"author":1,"featured_media":0,"parent":0,"menu_order":0,"comment_status":"closed","ping_status":"closed","template":"","meta":{"_joinchat":[]},"_links":{"self":[{"href":"https:\/\/proctogastro.com.br\/index.php\/wp-json\/wp\/v2\/pages\/1290"}],"collection":[{"href":"https:\/\/proctogastro.com.br\/index.php\/wp-json\/wp\/v2\/pages"}],"about":[{"href":"https:\/\/proctogastro.com.br\/index.php\/wp-json\/wp\/v2\/types\/page"}],"author":[{"embeddable":true,"href":"https:\/\/proctogastro.com.br\/index.php\/wp-json\/wp\/v2\/users\/1"}],"replies":[{"embeddable":true,"href":"https:\/\/proctogastro.com.br\/index.php\/wp-json\/wp\/v2\/comments?post=1290"}],"version-history":[{"count":7,"href":"https:\/\/proctogastro.com.br\/index.php\/wp-json\/wp\/v2\/pages\/1290\/revisions"}],"predecessor-version":[{"id":2097,"href":"https:\/\/proctogastro.com.br\/index.php\/wp-json\/wp\/v2\/pages\/1290\/revisions\/2097"}],"wp:attachment":[{"href":"https:\/\/proctogastro.com.br\/index.php\/wp-json\/wp\/v2\/media?parent=1290"}],"curies":[{"name":"wp","href":"https:\/\/api.w.org\/{rel}","templated":true}]}}