{"id":1351,"date":"2019-12-13T16:47:48","date_gmt":"2019-12-13T19:47:48","guid":{"rendered":"http:\/\/proctogastro.kinghost.net\/site1\/?page_id=1351"},"modified":"2022-01-21T17:17:24","modified_gmt":"2022-01-21T20:17:24","slug":"video-colonoscopia","status":"publish","type":"page","link":"https:\/\/proctogastro.com.br\/index.php\/exames-2\/endoscopia\/video-colonoscopia\/","title":{"rendered":"V\u00eddeo Colonoscopia"},"content":{"rendered":"<div id=\"pl-1351\"  class=\"panel-layout\" ><div id=\"pg-1351-0\"  class=\"panel-grid panel-no-style\" ><div id=\"pgc-1351-0-0\"  class=\"panel-grid-cell\" ><div id=\"panel-1351-0-0-0\" class=\"so-panel widget widget_sow-editor panel-first-child panel-last-child\" data-index=\"0\" ><div class=\"so-widget-sow-editor so-widget-sow-editor-base\">\n<div class=\"siteorigin-widget-tinymce textwidget\">\n\t<p>\u00c9 um importante m\u00e9todo diagn\u00f3stico de doen\u00e7as no intestino (reto, c\u00f3lon e \u00edleo terminal). Permite n\u00e3o s\u00f3 o diagn\u00f3stico de doen\u00e7as, mas tamb\u00e9m a realiza\u00e7\u00e3o de bi\u00f3psia para coleta de material para estudo histopatol\u00f3gico ou at\u00e9 o seu tratamento (p.ex. polipectomia).<\/p>\n<ul>\n<li><em><strong>O exame<\/strong><\/em><\/li>\n<\/ul>\n<p>O paciente recebe uma inje\u00e7\u00e3o intravenosa de analg\u00e9sico e sedativo. Em seguida, \u00e9 realizado um toque dilatador com gel anest\u00e9sico e introduzido o colonosc\u00f3pio, com uma microc\u00e2mera de alta defini\u00e7\u00e3o na ponta, pelo \u00e2nus at\u00e9 a por\u00e7\u00e3o terminal do intestino delgado. O exame permite a visualiza\u00e7\u00e3o detalhada do interior do intestino delgado terminal, do c\u00f3lon e reto. O exame tem dura\u00e7\u00e3o aproximada de 20 minutos.<\/p>\n<ul>\n<li><em><strong>Preparo pr\u00e9vio<\/strong><\/em><\/li>\n<\/ul>\n<p><strong><em>ANTES DE AGENDAR SEU EXAME ATEN\u00c7\u00c3O COM USO DE CERTOS MEDICAMENTOS E MARCA-PASSO<\/em><\/strong><\/p>\n<p>Para seguran\u00e7a da anestesia e de procedimentos que possam ser realizados durante o exame (Exemplo: bi\u00f3psias e polipectomias), caso fa\u00e7a uso de algumas das medica\u00e7\u00f5es listadas abaixo\u00a0\u00a0\u00a0 fale com seu m\u00e9dico, pois <strong><em>dever\u00e1 suspend\u00ea-las conforme protocolo abaixo.\u00a0<\/em><\/strong><\/p>\n<p>&nbsp;<\/p>\n<ul>\n<li><strong>MEDICAMENTOS:<\/strong><\/li>\n<li style=\"list-style-type: none;\">\n<ul>\n<li style=\"list-style-type: none;\">\n<ul>\n<li>Injet\u00e1veis<\/li>\n<\/ul>\n<\/li>\n<\/ul>\n<\/li>\n<\/ul>\n<\/div>\n<\/div><\/div><\/div><div id=\"pgc-1351-0-1\"  class=\"panel-grid-cell\" ><div id=\"panel-1351-0-1-0\" class=\"so-panel widget widget_sow-editor panel-first-child panel-last-child\" data-index=\"1\" ><div class=\"so-widget-sow-editor so-widget-sow-editor-base\">\n<div class=\"siteorigin-widget-tinymce textwidget\">\n\t<p><img decoding=\"async\" loading=\"lazy\" class=\"alignnone wp-image-1353 size-full\" src=\"http:\/\/proctogastro.kinghost.net\/site1\/wp-content\/uploads\/2019\/12\/videocolonoscopia1.jpg\" alt=\"\" width=\"500\" height=\"334\" srcset=\"https:\/\/proctogastro.com.br\/wp-content\/uploads\/2019\/12\/videocolonoscopia1.jpg 500w, https:\/\/proctogastro.com.br\/wp-content\/uploads\/2019\/12\/videocolonoscopia1-300x200.jpg 300w, https:\/\/proctogastro.com.br\/wp-content\/uploads\/2019\/12\/videocolonoscopia1-272x182.jpg 272w\" sizes=\"(max-width: 500px) 100vw, 500px\" \/><\/p>\n<p><img decoding=\"async\" loading=\"lazy\" class=\"alignnone wp-image-1354 size-full\" src=\"http:\/\/proctogastro.kinghost.net\/site1\/wp-content\/uploads\/2019\/12\/videocolonoscopia2.jpg\" alt=\"\" width=\"500\" height=\"334\" srcset=\"https:\/\/proctogastro.com.br\/wp-content\/uploads\/2019\/12\/videocolonoscopia2.jpg 500w, https:\/\/proctogastro.com.br\/wp-content\/uploads\/2019\/12\/videocolonoscopia2-300x200.jpg 300w, https:\/\/proctogastro.com.br\/wp-content\/uploads\/2019\/12\/videocolonoscopia2-272x182.jpg 272w\" sizes=\"(max-width: 500px) 100vw, 500px\" \/><\/p>\n<\/div>\n<\/div><\/div><\/div><\/div><div id=\"pg-1351-1\"  class=\"panel-grid panel-no-style\" ><div id=\"pgc-1351-1-0\"  class=\"panel-grid-cell\" ><div id=\"panel-1351-1-0-0\" class=\"so-panel widget widget_sow-editor panel-first-child panel-last-child\" data-index=\"2\" ><div class=\"so-widget-sow-editor so-widget-sow-editor-base\">\n<div class=\"siteorigin-widget-tinymce textwidget\">\n\t<p>- SEMAGLUTIDA (OZEMPIC\u00ae). Suspender 10 DIAS antes.<\/p>\n<p>- LIRAGLUTIDA (SAXENDA\u00ae, VICTOZA\u00ae, XULTOPHY\u00ae) Suspender 3 DIAS antes.<\/p>\n<p>- INSULINA: Suspender no dia do exame.<\/p>\n<ul>\n<li>Anticoagulantes\/Antiplaquet\u00e1rios orais<\/li>\n<\/ul>\n<p><strong>- <\/strong>CLOPIDOGREL (PLAVIX\u00ae, ISCOVER\u00ae) Suspender 8 DIAS antes.<\/p>\n<p>- PRASUGREL (EFFIENT\u00ae) Suspender 8 DIAS antes.<\/p>\n<p>- TICAGRELOR (BRILINTA\u00ae) Suspender 8 DIAS antes.<\/p>\n<p>- VARFARINA (MAREVAN\u00ae, COUMADIN\u00ae) Suspender 6 DIAS antes.<\/p>\n<p>- APIXABANA (ELIQUIS\u00ae) Suspender 2 DIAS antes.<\/p>\n<p>- DABIGATRANA (PRADAXA\u00ae) Suspender 2 DIAS<\/p>\n<p>- FONDAPARINUX (ARIXTRA\u00ae) Suspender 2 DIAS antes.<\/p>\n<p>- RIVAROXABANA (XARELTO\u00ae) Suspender 2 DIAS antes.<\/p>\n<p>- ENOXAPARINA (CLEXANE\u00ae) Suspender 1 DIA antes.<\/p>\n<ul>\n<li>Antidiab\u00e9ticos orais<\/li>\n<\/ul>\n<p><strong>\u00a0<\/strong>Suspender no dia do exame.<\/p>\n<p><strong>\u00a0MARCA-PASSO:<\/strong> Caso use Marca Passo, fale com seu m\u00e9dico (necess\u00e1ria carta de libera\u00e7\u00e3o).<\/p>\n<p>&nbsp;<\/p>\n<ul>\n<li><em><strong>No ante v\u00e9spera do exame<\/strong><\/em><\/li>\n<\/ul>\n<p><strong>Se voc\u00ea possui <u>obstipa\u00e7\u00e3o cr\u00f4nica (intestino preso<\/u>) inicie o preparo abaixo 2 dias antes do Exame (antev\u00e9spera).<\/strong><\/p>\n<p>&nbsp;<\/p>\n<ul>\n<li><em><strong>Na v\u00e9spera do exame<\/strong><\/em><\/li>\n<\/ul>\n<p><strong>Se o seu intestino funciona diariamente ou a cada 2 dias, inicie o preparo abaixo no dia anterior ao Exame (v\u00e9spera).<\/strong><\/p>\n<p><strong>Utilize laxante<\/strong>, devendo comprar uma das op\u00e7\u00f5es abaixo:<\/p>\n<p><img decoding=\"async\" loading=\"lazy\" class=\"alignnone wp-image-2543\" src=\"http:\/\/proctogastro.com.br\/wp-content\/uploads\/2022\/01\/img2.jpg\" alt=\"\" width=\"607\" height=\"111\" srcset=\"https:\/\/proctogastro.com.br\/wp-content\/uploads\/2022\/01\/img2.jpg 607w, https:\/\/proctogastro.com.br\/wp-content\/uploads\/2022\/01\/img2-300x55.jpg 300w, https:\/\/proctogastro.com.br\/wp-content\/uploads\/2022\/01\/img2-600x110.jpg 600w\" sizes=\"(max-width: 607px) 100vw, 607px\" \/><\/p>\n<ul>\n<li>Caso esteja com diarreia (<strong>evacua\u00e7\u00e3o l\u00edquida<\/strong> de 5 a 6 x ao dia), diminua a quantidade dos laxantes:<\/li>\n<\/ul>\n<p>Op\u00e7\u00e3o 1 - <strong>Muvinlax\u00ae<\/strong> - preparar apenas 05 envelopes em 1 litro de \u00e1gua;<\/p>\n<p>Op\u00e7\u00e3o 2 - <strong>Dulcolax\u00ae - <\/strong>tomar 01 comprimido as 8h e 01 comprimido as 18 h.<\/p>\n<ul>\n<li>Observa\u00e7\u00f5es sobre <strong>Dulcolax\u00ae: <\/strong>Este medicamento pode provocar c\u00f3licas, tontura e escurecimento da vis\u00e3o (lipotimia);<\/li>\n<\/ul>\n<p><strong>Aconselhado que o paciente esteja acompanhado, durante todo o preparo, <\/strong>por algu\u00e9m fisicamente capaz.<\/p>\n<p>&nbsp;<\/p>\n<p style=\"text-align: center;\"><strong>DIETA<\/strong><\/p>\n<p><span style=\"color: #ff0000;\"><strong>PROIBIDO: CARNES, VERDURAS (INCLUINDO SALADAS), FIBRAS, CEREAIS, SEMENTES, P\u00c3ES E LEITE.<\/strong><\/span><\/p>\n<p><strong>Caf\u00e9 da manh\u00e3<\/strong><\/p>\n<ul>\n<li>Ch\u00e1, \u00e1gua de coco, caf\u00e9, bebidas isot\u00f4nicas de lim\u00e3o ou tangerina (Gatorade, Jungle, Powerade, TNT, Aptonia, etc.), bolacha \u00e1gua e sal, biscoito de polvilho, bolacha maisena ou similares sem fibras ou cereais, torrada sem fibras ou cereais, margarina, manteiga, requeij\u00e3o.<\/li>\n<\/ul>\n<p><strong>Almo\u00e7o<\/strong><\/p>\n<ul>\n<li>Macarr\u00e3o alho e \u00f3leo (<u>SEM MOLHO<\/u>); arroz; pur\u00ea de batata; ovo cozido; sopa instant\u00e2nea.<\/li>\n<\/ul>\n<p><strong>Lanche da tarde<\/strong><\/p>\n<ul>\n<li>Ch\u00e1s e sucos claros, bolacha \u00e1gua e sal, biscoito de polvilho, gelatina amarela ou\u00a0\u00a0\u00a0\u00a0 picol\u00e9 de abacaxi ou lim\u00e3o.<\/li>\n<\/ul>\n<p><strong>Jantar<\/strong><\/p>\n<ul>\n<li>Sopa instant\u00e2nea ou caldo de carne em tabletes com batata, ovo, mandioquinha, arroz ou macarr\u00e3o e cenoura batido no liquidificador e peneirado (<u>COADO<\/u>). Pode sorvete ou gelatina.<\/li>\n<\/ul>\n<p><strong>L\u00edquidos <\/strong><\/p>\n<p>A vontade: \u00e1gua, ch\u00e1s claros, \u00e1gua de coco, isot\u00f4nicos de lim\u00e3o, tangerina ou maracuj\u00e1 (Gatorade, Jungle, Powerade, TNT, Aptonia, etc.) e suco de frutas como laranja, maracuj\u00e1 ou tangerina, sem sementes e coado. <strong>Ingerir pelo menos 2 litros de <\/strong><strong>l\u00edquidos na v\u00e9spera do exame.<\/strong><\/p>\n<p><strong>\u00a0<\/strong><\/p>\n<ul>\n<li><strong><em>No dia do exame\u00a0<\/em><\/strong><\/li>\n<\/ul>\n<p>- Ap\u00f3s acordar ingerir apenas l\u00edquidos como: \u00e1gua, ch\u00e1s claros, \u00e1gua de coco, isot\u00f4nicos de lim\u00e3o, tangerina ou maracuj\u00e1 (Gatorade, Jungle, Powerade, TNT, Aptonia, etc.). <strong>Proibido a ingesta de s\u00f3lidos, caf\u00e9, leite e seus derivados.<\/strong><\/p>\n<p><strong>- CINCO HORAS (5 h) antes do hor\u00e1rio do exame, <\/strong>diluir duas embalagens de 250 ml de <strong>MANITOL\u00ae<\/strong> (n\u00e3o resfrie previamente o Manitol<strong>\u00ae<\/strong>) em uma jarra com 500 ml de \u00e1gua mineral ou suco de 2 lim\u00f5es coados ou bebidas isot\u00f4nicas de lim\u00e3o\/tangerina. Totalizando 1 Litro de solu\u00e7\u00e3o.<\/p>\n<p>- Adicionar 75 gotas de simeticona (Luftal\u00ae) ou dimeticona (Finigas\u00ae) na solu\u00e7\u00e3o.<\/p>\n<p>- Tomar um copo (200 ml), a cada 10 minutos (OBS.: a solu\u00e7\u00e3o toda <strong>dever\u00e1 ser tomada no m\u00e1ximo em uma hora).<\/strong><\/p>\n<p>- J\u00e1 no primeiro copo fique andando pela casa, <strong><u>n\u00e3o pode ficar sentado ou deitado,<\/u><\/strong> do contr\u00e1rio o processo de elimina\u00e7\u00e3o ser\u00e1 muito demorado.<\/p>\n<p>- Este medicamento ir\u00e1 provocar de 6 a 20 evacua\u00e7\u00f5es at\u00e9 que as fezes fiquem l\u00edquidas e claras, sem res\u00edduos. Utilize \u00e1gua na sua higiene, n\u00e3o utilizar papel higi\u00eanico para n\u00e3o haver irrita\u00e7\u00e3o da regi\u00e3o anal, devido ao grande n\u00famero de evacua\u00e7\u00f5es.<\/p>\n<p>- Ap\u00f3s a ingest\u00e3o do Manitol\u00ae, dever\u00e1 tomar somente \u00e1gua e isot\u00f4nicos (lim\u00e3o ou tangerina), entrar em <strong>jejum de l\u00edquidos pelo menos tr\u00eas horas, antes do hor\u00e1rio de seu exame<\/strong><\/p>\n<p><strong>\u00a0- <\/strong>Chegar na PROCTO GASTRO com uma hora de anteced\u00eancia. Se possuir laudos de colonoscopias anteriores, n\u00e3o se esque\u00e7a de levar consigo.<\/p>\n<p>&nbsp;<\/p>\n<ul>\n<li><strong><em>Informa\u00e7\u00f5es adicionais\u00a0<\/em><\/strong><\/li>\n<\/ul>\n<p><em>\u00a0- <\/em><strong>A presen\u00e7a de acompanhante maior de idade \u00e9 obrigat\u00f3ria. <\/strong><\/p>\n<p><strong>\u00a0- <\/strong>Comparecer com roupas e cal\u00e7ados confort\u00e1veis e sem adornos. Trazer uma troca de roupa \u00edntima.<\/p>\n<p>- O uso de Mega-hair ou apliques de cabelo e c\u00edlios posti\u00e7os pode impossibilitar o uso de bisturi el\u00e9trico, caso seja necess\u00e1rio.<\/p>\n<p>- A alimenta\u00e7\u00e3o esta liberada ap\u00f3s uma hora do exame. O descanso ap\u00f3s o exame \u00e9 recomendado.<\/p>\n<p>&nbsp;<\/p>\n<ul>\n<li><em><strong>Cuidados p\u00f3s-exame<\/strong><\/em><\/li>\n<\/ul>\n<p>\u00bb N\u00e3o dever\u00e1 dirigir nem realizar nada que exija reflexo ou aten\u00e7\u00e3o cont\u00ednua nas 6 horas que se seguem ao exame. Lembre-se que voc\u00ea estar\u00e1 sedado (a) e estes medicamentos diminuem os reflexos e o (a) deixar\u00e1 um pouco sonolento (a).<br \/>\n\u00bb Evitar alimentos de dif\u00edcil digest\u00e3o como gorduras, frituras e que contenham condimentos em excesso.<\/p>\n<ul>\n<li><em><strong>Tratamento das principais queixas p\u00f3s-exame<\/strong><\/em><\/li>\n<\/ul>\n<p>\u00bb Em caso de dor abdominal, pode tomar qualquer antiespasm\u00f3dico que tiver em casa, como por exemplo o Buscopan\u00ae.<br \/>\n\u00bb Em caso de inflama\u00e7\u00e3o das hemorroidas, tomar um comprimido de anti-inflamat\u00f3rio, fazer banho de assento com \u00e1gua morna a uma temperatura suport\u00e1vel, e em seguida aplicar no local qualquer pomada espec\u00edfica para inflama\u00e7\u00e3o hemorroid\u00e1ria.<br \/>\n\u00bb Caso a dor ou inflama\u00e7\u00e3o persista entrar em contato com a Cl\u00ednica Procto Gastro.<\/p>\n<p>&nbsp;<\/p>\n<p class=\"EtiquetaEscura\" style=\"text-align: center;\"><span style=\"color: #333399;\"><strong><span lang=\"PT\">Qualquer d\u00favida a equipe da Cl\u00ednica Procto Gastro ter\u00e1 o prazer de lhe ajudar. <\/span><\/strong><\/span><\/p>\n<p class=\"EtiquetaEscura\" style=\"text-align: center;\"><span style=\"color: #333399;\"><strong><span lang=\"PT\">Contato:\u00a0 (91) 3347-5990 0U 3347-5991 \/ Zap 98481-4066.<\/span><\/strong><\/span><\/p>\n<\/div>\n<\/div><\/div><\/div><\/div><\/div>","protected":false},"excerpt":{"rendered":"<p>\u00c9 um importante m\u00e9todo diagn\u00f3stico de doen\u00e7as no intestino (reto, c\u00f3lon e \u00edleo terminal). Permite n\u00e3o s\u00f3 o diagn\u00f3stico de doen\u00e7as, mas tamb\u00e9m a realiza\u00e7\u00e3o de bi\u00f3psia para coleta de material para estudo histopatol\u00f3gico ou at\u00e9 o seu tratamento (p.ex. polipectomia). O exame O paciente recebe uma inje\u00e7\u00e3o intravenosa de analg\u00e9sico e sedativo. Em seguida, &hellip;<\/p>\n","protected":false},"author":1,"featured_media":0,"parent":1462,"menu_order":0,"comment_status":"closed","ping_status":"closed","template":"","meta":{"_joinchat":[]},"_links":{"self":[{"href":"https:\/\/proctogastro.com.br\/index.php\/wp-json\/wp\/v2\/pages\/1351"}],"collection":[{"href":"https:\/\/proctogastro.com.br\/index.php\/wp-json\/wp\/v2\/pages"}],"about":[{"href":"https:\/\/proctogastro.com.br\/index.php\/wp-json\/wp\/v2\/types\/page"}],"author":[{"embeddable":true,"href":"https:\/\/proctogastro.com.br\/index.php\/wp-json\/wp\/v2\/users\/1"}],"replies":[{"embeddable":true,"href":"https:\/\/proctogastro.com.br\/index.php\/wp-json\/wp\/v2\/comments?post=1351"}],"version-history":[{"count":9,"href":"https:\/\/proctogastro.com.br\/index.php\/wp-json\/wp\/v2\/pages\/1351\/revisions"}],"predecessor-version":[{"id":2545,"href":"https:\/\/proctogastro.com.br\/index.php\/wp-json\/wp\/v2\/pages\/1351\/revisions\/2545"}],"up":[{"embeddable":true,"href":"https:\/\/proctogastro.com.br\/index.php\/wp-json\/wp\/v2\/pages\/1462"}],"wp:attachment":[{"href":"https:\/\/proctogastro.com.br\/index.php\/wp-json\/wp\/v2\/media?parent=1351"}],"curies":[{"name":"wp","href":"https:\/\/api.w.org\/{rel}","templated":true}]}}