{"id":1552,"date":"2019-12-17T13:21:41","date_gmt":"2019-12-17T16:21:41","guid":{"rendered":"http:\/\/proctogastro.kinghost.net\/site1\/?page_id=1552"},"modified":"2020-02-12T11:32:34","modified_gmt":"2020-02-12T14:32:34","slug":"determinacao-do-tempo-de-transito-colonico-com-marcadores-radiopacos","status":"publish","type":"page","link":"https:\/\/proctogastro.com.br\/index.php\/exames-2\/fisiologia-digestiva\/determinacao-do-tempo-de-transito-colonico-com-marcadores-radiopacos\/","title":{"rendered":"Determina\u00e7\u00e3o do Tempo de Tr\u00e2nsito Col\u00f4nico Com Marcadores Radiopacos"},"content":{"rendered":"<div id=\"pl-1552\"  class=\"panel-layout\" ><div id=\"pg-1552-0\"  class=\"panel-grid panel-no-style\" ><div id=\"pgc-1552-0-0\"  class=\"panel-grid-cell\" ><div id=\"panel-1552-0-0-0\" class=\"so-panel widget widget_sow-editor panel-first-child panel-last-child\" data-index=\"0\" ><div class=\"so-widget-sow-editor so-widget-sow-editor-base\">\n<div class=\"siteorigin-widget-tinymce textwidget\">\n\t<p>Este exame visa avaliar o tempo de tr\u00e2nsito do conte\u00fado intestinal ao n\u00edvel do c\u00f3lon em pacientes com constipa\u00e7\u00e3o intestinal cr\u00f4nica severa, que n\u00e3o respondem \u00e0s medidas higienodiet\u00e9ticas, nem ao tratamento \u00e0 base de fibras. Ele permite a confirma\u00e7\u00e3o da constipa\u00e7\u00e3o patol\u00f3gica e a diferencia\u00e7\u00e3o entre a constipa\u00e7\u00e3o por in\u00e9rcia col\u00f4nica e a secund\u00e1ria a s\u00edndrome da evacua\u00e7\u00e3o obstru\u00edda.<\/p>\n<ul>\n<li><em><strong>O exame<\/strong><\/em><\/li>\n<\/ul>\n<p>Para realizar este exame s\u00e3o utilizadas uma ou tr\u00eas c\u00e1psulas de gelatina contendo em seu interior v\u00e1rios marcadores radiopacos, que s\u00e3o ingeridas pelos pacientes, e posteriormente realizadas chapas de Rx simples do abd\u00f4men, onde s\u00e3o analisados o n\u00famero e localiza\u00e7\u00e3o dos marcadores em cada segmento do c\u00f3lon.<\/p>\n<ul>\n<li><em><strong>Est\u00e1 indicado na:<\/strong><\/em><\/li>\n<\/ul>\n<p>Avalia\u00e7\u00e3o da constipa\u00e7\u00e3o intestinal severa em adultos, podendo evidenciar hipomotilidade col\u00f4nica (in\u00e9rcia col\u00f4nica) ou s\u00edndrome da evacua\u00e7\u00e3o obstru\u00edda (<em>Anismus<\/em>), orientando assim na escolha do tratamento mais adequado para o caso.<\/p>\n<ul>\n<li><em><strong>Preparo pr\u00e9vio<\/strong><\/em><\/li>\n<\/ul>\n<p>\u00bb O paciente deve suspender o uso de laxantes com pelo menos 03 dias de anteced\u00eancia.<\/p>\n<p>\u00bb Durante a realiza\u00e7\u00e3o do exame o paciente fica proibido de ingerir laxantes.<\/p>\n<p>\u00bb N\u00e3o necessita de jejum.<\/p>\n<\/div>\n<\/div><\/div><\/div><\/div><\/div>","protected":false},"excerpt":{"rendered":"<p>Este exame visa avaliar o tempo de tr\u00e2nsito do conte\u00fado intestinal ao n\u00edvel do c\u00f3lon em pacientes com constipa\u00e7\u00e3o intestinal cr\u00f4nica severa, que n\u00e3o respondem \u00e0s medidas higienodiet\u00e9ticas, nem ao tratamento \u00e0 base de fibras. Ele permite a confirma\u00e7\u00e3o da constipa\u00e7\u00e3o patol\u00f3gica e a diferencia\u00e7\u00e3o entre a constipa\u00e7\u00e3o por in\u00e9rcia col\u00f4nica e a secund\u00e1ria a &hellip;<\/p>\n","protected":false},"author":1,"featured_media":0,"parent":1475,"menu_order":0,"comment_status":"closed","ping_status":"closed","template":"","meta":{"_joinchat":[]},"_links":{"self":[{"href":"https:\/\/proctogastro.com.br\/index.php\/wp-json\/wp\/v2\/pages\/1552"}],"collection":[{"href":"https:\/\/proctogastro.com.br\/index.php\/wp-json\/wp\/v2\/pages"}],"about":[{"href":"https:\/\/proctogastro.com.br\/index.php\/wp-json\/wp\/v2\/types\/page"}],"author":[{"embeddable":true,"href":"https:\/\/proctogastro.com.br\/index.php\/wp-json\/wp\/v2\/users\/1"}],"replies":[{"embeddable":true,"href":"https:\/\/proctogastro.com.br\/index.php\/wp-json\/wp\/v2\/comments?post=1552"}],"version-history":[{"count":3,"href":"https:\/\/proctogastro.com.br\/index.php\/wp-json\/wp\/v2\/pages\/1552\/revisions"}],"predecessor-version":[{"id":2054,"href":"https:\/\/proctogastro.com.br\/index.php\/wp-json\/wp\/v2\/pages\/1552\/revisions\/2054"}],"up":[{"embeddable":true,"href":"https:\/\/proctogastro.com.br\/index.php\/wp-json\/wp\/v2\/pages\/1475"}],"wp:attachment":[{"href":"https:\/\/proctogastro.com.br\/index.php\/wp-json\/wp\/v2\/media?parent=1552"}],"curies":[{"name":"wp","href":"https:\/\/api.w.org\/{rel}","templated":true}]}}

Determinação do Tempo de Trânsito Colônico Com Marcadores Radiopacos

<div id="pl-1552"  class="panel-layout" ><div id="pg-1552-0"  class="panel-grid panel-no-style" ><div id="pgc-1552-0-0"  class="panel-grid-cell" ><div id="panel-1552-0-0-0" class="so-panel widget widget_sow-editor panel-first-child panel-last-child" data-index="0" ><div class="so-widget-sow-editor so-widget-sow-editor-base">
<div class="siteorigin-widget-tinymce textwidget">
	<p>Este exame visa avaliar o tempo de trânsito do conteúdo intestinal ao nível do cólon em pacientes com constipação intestinal crônica severa, que não respondem às medidas higienodietéticas, nem ao tratamento à base de fibras. Ele permite a confirmação da constipação patológica e a diferenciação entre a constipação por inércia colônica e a secundária a síndrome da evacuação obstruída.</p>
<ul>
<li><em><strong>O exame</strong></em></li>
</ul>
<p>Para realizar este exame são utilizadas uma ou três cápsulas de gelatina contendo em seu interior vários marcadores radiopacos, que são ingeridas pelos pacientes, e posteriormente realizadas chapas de Rx simples do abdômen, onde são analisados o número e localização dos marcadores em cada segmento do cólon.</p>
<ul>
<li><em><strong>Está indicado na:</strong></em></li>
</ul>
<p>Avaliação da constipação intestinal severa em adultos, podendo evidenciar hipomotilidade colônica (inércia colônica) ou síndrome da evacuação obstruída (<em>Anismus</em>), orientando assim na escolha do tratamento mais adequado para o caso.</p>
<ul>
<li><em><strong>Preparo prévio</strong></em></li>
</ul>
<p>» O paciente deve suspender o uso de laxantes com pelo menos 03 dias de antecedência.</p>
<p>» Durante a realização do exame o paciente fica proibido de ingerir laxantes.</p>
<p>» Não necessita de jejum.</p>
</div>
</div></div></div></div></div>

<p>Este exame visa avaliar o tempo de trânsito do conteúdo intestinal ao nível do cólon em pacientes com constipação intestinal crônica severa, que não respondem às medidas higienodietéticas, nem ao tratamento à base de fibras. Ele permite a confirmação da constipação patológica e a diferenciação entre a constipação por inércia colônica e a secundária a &hellip;</p>
