{"id":1677,"date":"2019-12-19T11:50:20","date_gmt":"2019-12-19T14:50:20","guid":{"rendered":"http:\/\/proctogastro.kinghost.net\/site1\/?page_id=1677"},"modified":"2020-03-12T15:46:35","modified_gmt":"2020-03-12T18:46:35","slug":"cirurgia-do-aparelho-digestivo-2","status":"publish","type":"page","link":"https:\/\/proctogastro.com.br\/index.php\/especialidades\/cirurgias\/cirurgia-do-aparelho-digestivo-2\/","title":{"rendered":"Cirurgia do Aparelho Digestivo"},"content":{"rendered":"<div id=\"pl-1677\"  class=\"panel-layout\" ><div id=\"pg-1677-0\"  class=\"panel-grid panel-no-style\" ><div id=\"pgc-1677-0-0\"  class=\"panel-grid-cell\" ><div id=\"panel-1677-0-0-0\" class=\"so-panel widget widget_sow-editor panel-first-child panel-last-child\" data-index=\"0\" ><div class=\"so-widget-sow-editor so-widget-sow-editor-base\">\n<div class=\"siteorigin-widget-tinymce textwidget\">\n\t<p>Especialidade que abrange o diagn\u00f3stico e tratamento cir\u00fargico (convencional e por v\u00eddeo laparoscopia) das doen\u00e7as que acometem os v\u00e1rios \u00f3rg\u00e3os que formam o aparelho digestivo (es\u00f4fago, est\u00f4mago, duodeno, intestino delgado, c\u00f3lon, f\u00edgado, ves\u00edcula, vias biliares, p\u00e2ncreas e ba\u00e7o), e que n\u00e3o s\u00e3o suscept\u00edveis ou n\u00e3o respondem ao tratamento cl\u00ednico. p.ex. tumores, c\u00e1lculo na ves\u00edcula biliar, apendicite.<\/p>\n<\/div>\n<\/div><\/div><\/div><div id=\"pgc-1677-0-1\"  class=\"panel-grid-cell\" ><div id=\"panel-1677-0-1-0\" class=\"so-panel widget widget_media_image panel-first-child panel-last-child\" data-index=\"1\" ><img width=\"608\" height=\"342\" src=\"https:\/\/proctogastro.com.br\/wp-content\/uploads\/2020\/02\/cirurgiaaparelhodigestivo.jpg\" class=\"image wp-image-2198  attachment-full size-full\" alt=\"\" decoding=\"async\" loading=\"lazy\" style=\"max-width: 100%; height: auto;\" srcset=\"https:\/\/proctogastro.com.br\/wp-content\/uploads\/2020\/02\/cirurgiaaparelhodigestivo.jpg 608w, https:\/\/proctogastro.com.br\/wp-content\/uploads\/2020\/02\/cirurgiaaparelhodigestivo-300x169.jpg 300w, https:\/\/proctogastro.com.br\/wp-content\/uploads\/2020\/02\/cirurgiaaparelhodigestivo-600x338.jpg 600w\" sizes=\"(max-width: 608px) 100vw, 608px\" \/><\/div><\/div><\/div><div id=\"pg-1677-1\"  class=\"panel-grid panel-no-style\" ><div id=\"pgc-1677-1-0\"  class=\"panel-grid-cell panel-grid-cell-empty\" ><\/div><\/div><div id=\"pg-1677-2\"  class=\"panel-grid panel-no-style\" ><div id=\"pgc-1677-2-0\"  class=\"panel-grid-cell panel-grid-cell-empty\" ><\/div><\/div><div id=\"pg-1677-3\"  class=\"panel-grid panel-no-style\" ><div id=\"pgc-1677-3-0\"  class=\"panel-grid-cell\" ><div id=\"panel-1677-3-0-0\" class=\"so-panel widget widget_sow-editor panel-first-child panel-last-child\" data-index=\"2\" ><div class=\"so-widget-sow-editor so-widget-sow-editor-base\">\n<div class=\"siteorigin-widget-tinymce textwidget\">\n\t<h3>Exames relacionados a Cirurgia do Aparelho Digestivo<\/h3>\n<p>&nbsp;<\/p>\n<\/div>\n<\/div><\/div><\/div><\/div><div id=\"pg-1677-4\"  class=\"panel-grid panel-no-style\" ><div id=\"pgc-1677-4-0\"  class=\"panel-grid-cell\" ><div id=\"panel-1677-4-0-0\" class=\"so-panel widget widget_sow-editor panel-first-child panel-last-child\" data-index=\"3\" ><div class=\"so-widget-sow-editor so-widget-sow-editor-base\">\n<div class=\"siteorigin-widget-tinymce textwidget\">\n\t<h6 style=\"text-align: center;\"><a href=\"http:\/\/proctogastro.com.br\/index.php\/exames-2\/endoscopia\/video-endoscopia-digestiva-alta\/\"><span class=\"icon-container\"><span class=\"fa mp mp-checkin-hospital fa-3x\"><\/span><\/span><\/a><\/h6>\n<h6 style=\"text-align: center;\"><a href=\"http:\/\/proctogastro.com.br\/index.php\/exames-2\/endoscopia\/video-endoscopia-digestiva-alta\/\">V\u00eddeo Endoscopia Digestiva Alta<\/a><\/h6>\n<h6 style=\"text-align: center;\"><\/h6>\n<\/div>\n<\/div><\/div><\/div><div id=\"pgc-1677-4-1\"  class=\"panel-grid-cell\" ><div id=\"panel-1677-4-1-0\" class=\"so-panel widget widget_sow-editor panel-first-child panel-last-child\" data-index=\"4\" ><div class=\"so-widget-sow-editor so-widget-sow-editor-base\">\n<div class=\"siteorigin-widget-tinymce textwidget\">\n\t<h6 style=\"text-align: center;\"><a href=\"http:\/\/proctogastro.com.br\/index.php\/exames-2\/endoscopia\/video-colonoscopia\/\"><span class=\"icon-container\"><span class=\"fa mp mp-checkin-hospital fa-3x\"><\/span><\/span><\/a><\/h6>\n<h6 style=\"text-align: center;\"><a href=\"http:\/\/proctogastro.com.br\/index.php\/exames-2\/endoscopia\/video-colonoscopia\/\">V\u00eddeo Colonoscopia<\/a><\/h6>\n<h6 style=\"text-align: center;\"><\/h6>\n<\/div>\n<\/div><\/div><\/div><\/div><div id=\"pg-1677-5\"  class=\"panel-grid panel-no-style\" ><div id=\"pgc-1677-5-0\"  class=\"panel-grid-cell\" ><div id=\"panel-1677-5-0-0\" class=\"so-panel widget widget_sow-editor panel-first-child panel-last-child\" data-index=\"5\" ><div class=\"so-widget-sow-editor so-widget-sow-editor-base\">\n<div class=\"siteorigin-widget-tinymce textwidget\">\n\t<h6 style=\"text-align: center;\"><a href=\"http:\/\/proctogastro.com.br\/index.php\/exames-2\/ultrassonografia\/\"><span class=\"icon-container\"><span class=\"fa mp mp-checkin-hospital fa-3x\"><\/span><\/span><\/a><\/h6>\n<h6 style=\"text-align: center;\"><a href=\"http:\/\/proctogastro.com.br\/index.php\/exames-2\/ultrassonografia\/\">Ultrassonografia<\/a><\/h6>\n<h6 style=\"text-align: center;\"><\/h6>\n<\/div>\n<\/div><\/div><\/div><div id=\"pgc-1677-5-1\"  class=\"panel-grid-cell\" ><div id=\"panel-1677-5-1-0\" class=\"so-panel widget widget_sow-editor panel-first-child panel-last-child\" data-index=\"6\" ><div class=\"so-widget-sow-editor so-widget-sow-editor-base\">\n<div class=\"siteorigin-widget-tinymce textwidget\">\n\t<h6 style=\"text-align: center;\"><a href=\"http:\/\/proctogastro.com.br\/index.php\/exames-2\/fisiologia-digestiva\/manometria-esofagica-convencional\/\"><span class=\"icon-container\"><span class=\"fa mp mp-checkin-hospital fa-3x\"><\/span><\/span><\/a><\/h6>\n<h6 style=\"text-align: center;\"><a href=\"http:\/\/proctogastro.com.br\/index.php\/exames-2\/fisiologia-digestiva\/manometria-esofagica-convencional\/\">Manometria Esof\u00e1gica Convencional<\/a><\/h6>\n<h6 style=\"text-align: center;\"><\/h6>\n<\/div>\n<\/div><\/div><\/div><\/div><div id=\"pg-1677-6\"  class=\"panel-grid panel-no-style\" ><div id=\"pgc-1677-6-0\"  class=\"panel-grid-cell\" ><div id=\"panel-1677-6-0-0\" class=\"so-panel widget widget_sow-editor panel-first-child panel-last-child\" data-index=\"7\" ><div class=\"so-widget-sow-editor so-widget-sow-editor-base\">\n<div class=\"siteorigin-widget-tinymce textwidget\">\n\t<h6 style=\"text-align: center;\"><a href=\"http:\/\/proctogastro.com.br\/index.php\/exames-2\/fisiologia-digestiva\/manometria-esofagica-alta-resolucao\/\"><span class=\"icon-container\"><span class=\"fa mp mp-checkin-hospital fa-3x\"><\/span><\/span><\/a><\/h6>\n<h6 style=\"text-align: center;\"><a href=\"http:\/\/proctogastro.com.br\/index.php\/exames-2\/fisiologia-digestiva\/manometria-esofagica-alta-resolucao\/\">Manometria Esof\u00e1gica de Alta Resolu\u00e7\u00e3o<\/a><\/h6>\n<h6 style=\"text-align: center;\"><\/h6>\n<\/div>\n<\/div><\/div><\/div><div id=\"pgc-1677-6-1\"  class=\"panel-grid-cell\" ><div id=\"panel-1677-6-1-0\" class=\"so-panel widget widget_sow-editor panel-first-child panel-last-child\" data-index=\"8\" ><div class=\"so-widget-sow-editor so-widget-sow-editor-base\">\n<div class=\"siteorigin-widget-tinymce textwidget\">\n\t<h6 style=\"text-align: center;\"><a href=\"http:\/\/proctogastro.com.br\/index.php\/exames-2\/fisiologia-digestiva\/phmetria-esofagica-de-24h\/\"><span class=\"icon-container\"><span class=\"fa mp mp-checkin-hospital fa-3x\"><\/span><\/span><\/a><\/h6>\n<h6 style=\"text-align: center;\"><a href=\"http:\/\/proctogastro.com.br\/index.php\/exames-2\/fisiologia-digestiva\/phmetria-esofagica-de-24h\/\">pHmetria Esof\u00e1gica de 24h<\/a><\/h6>\n<h6 style=\"text-align: center;\"><\/h6>\n<\/div>\n<\/div><\/div><\/div><\/div><div id=\"pg-1677-7\"  class=\"panel-grid panel-no-style\" ><div id=\"pgc-1677-7-0\"  class=\"panel-grid-cell panel-grid-cell-mobile-last\" ><div id=\"panel-1677-7-0-0\" class=\"so-panel widget widget_sow-editor panel-first-child panel-last-child\" data-index=\"9\" ><div class=\"so-widget-sow-editor so-widget-sow-editor-base\">\n<div class=\"siteorigin-widget-tinymce textwidget\">\n\t<h6 style=\"text-align: center;\"><a href=\"http:\/\/proctogastro.com.br\/index.php\/exames-2\/fisiologia-digestiva\/impedanciophmetria-esofagica-de-24h\/\"><span class=\"icon-container\"><span class=\"fa mp mp-checkin-hospital fa-3x\"><\/span><\/span><\/a><\/h6>\n<h6 style=\"text-align: center;\"><a href=\"http:\/\/proctogastro.com.br\/index.php\/exames-2\/fisiologia-digestiva\/impedanciophmetria-esofagica-de-24h\/\">ImpendanciopHmetria Esof\u00e1gica de 24h<\/a><\/h6>\n<h6 style=\"text-align: center;\"><\/h6>\n<\/div>\n<\/div><\/div><\/div><div id=\"pgc-1677-7-1\"  class=\"panel-grid-cell panel-grid-cell-empty\" ><\/div><\/div><div id=\"pg-1677-8\"  class=\"panel-grid panel-has-style\" ><div class=\"panel-row-style panel-row-style-for-1677-8\" ><div id=\"pgc-1677-8-0\"  class=\"panel-grid-cell\" ><div id=\"panel-1677-8-0-0\" class=\"so-panel widget widget_pw_call_to_action widget-call-to-action panel-first-child panel-last-child\" data-index=\"10\" ><div class=\"panel-widget-style panel-widget-style-for-1677-8-0-0\" >\t\t\t\t<div class=\"call-to-action\">\n\t\t\t\t\t<div class=\"call-to-action__text\">\n\t\t\t\t\t\t<h2 class=\"call-to-action__title\">\n\t\t\t\t\t\t\tQuer marcar uma consulta ou tirar uma d\u00favida?\t\t\t\t\t\t<\/h2>\n\t\t\t\t\t\t\t\t\t\t\t<\/div>\n\t\t\t\t\t<div class=\"call-to-action__button\">\n\t\t\t\t\t\t<a class=\"btn  btn-secondary\" href=\"http:\/\/proctogastro.com.br\/index.php\/contato\/\" target=\"_self\"> Clique aqui<\/a>\t\t\t\t\t<\/div>\n\t\t\t\t<\/div>\n\t\t\t<\/div><\/div><\/div><\/div><\/div><\/div>","protected":false},"excerpt":{"rendered":"<p>Especialidade que abrange o diagn\u00f3stico e tratamento cir\u00fargico (convencional e por v\u00eddeo laparoscopia) das doen\u00e7as que acometem os v\u00e1rios \u00f3rg\u00e3os que formam o aparelho digestivo (es\u00f4fago, est\u00f4mago, duodeno, intestino delgado, c\u00f3lon, f\u00edgado, ves\u00edcula, vias biliares, p\u00e2ncreas e ba\u00e7o), e que n\u00e3o s\u00e3o suscept\u00edveis ou n\u00e3o respondem ao tratamento cl\u00ednico. p.ex. tumores, c\u00e1lculo na ves\u00edcula biliar, &hellip;<\/p>\n","protected":false},"author":1,"featured_media":1477,"parent":1280,"menu_order":0,"comment_status":"closed","ping_status":"closed","template":"","meta":{"_joinchat":[]},"_links":{"self":[{"href":"https:\/\/proctogastro.com.br\/index.php\/wp-json\/wp\/v2\/pages\/1677"}],"collection":[{"href":"https:\/\/proctogastro.com.br\/index.php\/wp-json\/wp\/v2\/pages"}],"about":[{"href":"https:\/\/proctogastro.com.br\/index.php\/wp-json\/wp\/v2\/types\/page"}],"author":[{"embeddable":true,"href":"https:\/\/proctogastro.com.br\/index.php\/wp-json\/wp\/v2\/users\/1"}],"replies":[{"embeddable":true,"href":"https:\/\/proctogastro.com.br\/index.php\/wp-json\/wp\/v2\/comments?post=1677"}],"version-history":[{"count":22,"href":"https:\/\/proctogastro.com.br\/index.php\/wp-json\/wp\/v2\/pages\/1677\/revisions"}],"predecessor-version":[{"id":2332,"href":"https:\/\/proctogastro.com.br\/index.php\/wp-json\/wp\/v2\/pages\/1677\/revisions\/2332"}],"up":[{"embeddable":true,"href":"https:\/\/proctogastro.com.br\/index.php\/wp-json\/wp\/v2\/pages\/1280"}],"wp:featuredmedia":[{"embeddable":true,"href":"https:\/\/proctogastro.com.br\/index.php\/wp-json\/wp\/v2\/media\/1477"}],"wp:attachment":[{"href":"https:\/\/proctogastro.com.br\/index.php\/wp-json\/wp\/v2\/media?parent=1677"}],"curies":[{"name":"wp","href":"https:\/\/api.w.org\/{rel}","templated":true}]}}