{"id":2047,"date":"2020-02-12T11:18:28","date_gmt":"2020-02-12T14:18:28","guid":{"rendered":"http:\/\/proctogastro.kinghost.net\/site1\/?page_id=2047"},"modified":"2020-02-12T11:22:24","modified_gmt":"2020-02-12T14:22:24","slug":"biofeedback-no-tratamento-das-disfuncoes-do-soalho-pelvico","status":"publish","type":"page","link":"https:\/\/proctogastro.com.br\/index.php\/exames-2\/fisiologia-digestiva\/biofeedback-no-tratamento-das-disfuncoes-do-soalho-pelvico\/","title":{"rendered":"&#8220;Biofeedback&#8221; no tratamento das disfun\u00e7\u00f5es do soalho p\u00e9lvico"},"content":{"rendered":"<div id=\"pl-2047\"  class=\"panel-layout\" ><div id=\"pg-2047-0\"  class=\"panel-grid panel-no-style\" ><div id=\"pgc-2047-0-0\"  class=\"panel-grid-cell\" ><div id=\"panel-2047-0-0-0\" class=\"so-panel widget widget_sow-editor panel-first-child panel-last-child\" data-index=\"0\" ><div class=\"so-widget-sow-editor so-widget-sow-editor-base\">\n<div class=\"siteorigin-widget-tinymce textwidget\">\n\t<p>\u00c9 um procedimento de treinamento consciente de relaxamento da musculatura perineal durante a evacua\u00e7\u00e3o ou para aumentar a for\u00e7a de contra\u00e7\u00e3o perineal em casos de incontin\u00eancia.<\/p>\n<ul>\n<li><em><strong>O procedimento<\/strong><\/em><\/li>\n<\/ul>\n<p>\u00c9 realizado atrav\u00e9s de uma sonda de manometria espec\u00edfica, que cont\u00e9m oito sensores de press\u00e3o, que \u00e9 passada atrav\u00e9s do \u00e2nus, com o paciente em dec\u00fabito lateral, e posicionada dentro do canal anal. Em seguida, o paciente acompanha em um monitor, em tempo real, o registro das press\u00f5es durante a contra\u00e7\u00e3o do \u00e2nus e esfor\u00e7o para evacuar, percebendo o que est\u00e1 fazendo: se est\u00e1 relaxando ou contraindo a musculatura, ou se est\u00e1 contraindo com for\u00e7a suficiente.<\/p>\n<p>Dessa forma, o paciente acompanha em tempo real o movimento que ele realiza no esf\u00edncter durante o esfor\u00e7o para evacuar e ao contrair o \u00e2nus. Com o passar das se\u00e7\u00f5es, o paciente consegue distinguir o movimento que antes era involunt\u00e1rio e passa a conseguir control\u00e1-lo voluntariamente<\/p>\n<p>O exame \u00e9 indolor e bem tolerado, durando cerca de 20 minutos, sendo que o paciente recebe apenas a aplica\u00e7\u00e3o de um lubrificante no \u00e2nus, dispensando seda\u00e7\u00e3o ou anestesia.<\/p>\n<ul>\n<li><em><strong>Est\u00e1 indicano na:<\/strong><\/em><\/li>\n<\/ul>\n<p>1 - Aumentar o relaxamento do esf\u00edncter anal durante a evacua\u00e7\u00e3o, aliviando a dor e o esfor\u00e7o para evacuar.<\/p>\n<p>2 - Aumentar a for\u00e7a de contra\u00e7\u00e3o volunt\u00e1ria e tempo de fadiga de pacientes com incontin\u00eancia anal ou procid\u00eancia de reto.<\/p>\n<ul>\n<li><em><strong>Preparo pr\u00e9vio<\/strong><\/em><\/li>\n<\/ul>\n<p>\u00bb No dia do exame<\/p>\n<ul>\n<li>Aplicar uma bisnaga de Minilax\u00ae via retal as 08:00 horas, se for realizar o exame a tarde.<\/li>\n<li>Tentar evacuar espontaneamente antes de vir a Cl\u00ednica Procto Gastro.<\/li>\n<\/ul>\n<p>\u00bb N\u00e3o h\u00e1 necessidade de jejum.<\/p>\n<p>\u00bb Evite realizar durante o per\u00edodo menstrual.<\/p>\n<\/div>\n<\/div><\/div><\/div><\/div><\/div>","protected":false},"excerpt":{"rendered":"<p>\u00c9 um procedimento de treinamento consciente de relaxamento da musculatura perineal durante a evacua\u00e7\u00e3o ou para aumentar a for\u00e7a de contra\u00e7\u00e3o perineal em casos de incontin\u00eancia. O procedimento \u00c9 realizado atrav\u00e9s de uma sonda de manometria espec\u00edfica, que cont\u00e9m oito sensores de press\u00e3o, que \u00e9 passada atrav\u00e9s do \u00e2nus, com o paciente em dec\u00fabito lateral, &hellip;<\/p>\n","protected":false},"author":1,"featured_media":0,"parent":1475,"menu_order":0,"comment_status":"closed","ping_status":"closed","template":"","meta":{"_joinchat":[]},"_links":{"self":[{"href":"https:\/\/proctogastro.com.br\/index.php\/wp-json\/wp\/v2\/pages\/2047"}],"collection":[{"href":"https:\/\/proctogastro.com.br\/index.php\/wp-json\/wp\/v2\/pages"}],"about":[{"href":"https:\/\/proctogastro.com.br\/index.php\/wp-json\/wp\/v2\/types\/page"}],"author":[{"embeddable":true,"href":"https:\/\/proctogastro.com.br\/index.php\/wp-json\/wp\/v2\/users\/1"}],"replies":[{"embeddable":true,"href":"https:\/\/proctogastro.com.br\/index.php\/wp-json\/wp\/v2\/comments?post=2047"}],"version-history":[{"count":2,"href":"https:\/\/proctogastro.com.br\/index.php\/wp-json\/wp\/v2\/pages\/2047\/revisions"}],"predecessor-version":[{"id":2049,"href":"https:\/\/proctogastro.com.br\/index.php\/wp-json\/wp\/v2\/pages\/2047\/revisions\/2049"}],"up":[{"embeddable":true,"href":"https:\/\/proctogastro.com.br\/index.php\/wp-json\/wp\/v2\/pages\/1475"}],"wp:attachment":[{"href":"https:\/\/proctogastro.com.br\/index.php\/wp-json\/wp\/v2\/media?parent=2047"}],"curies":[{"name":"wp","href":"https:\/\/api.w.org\/{rel}","templated":true}]}}