{"id":2217,"date":"2020-02-19T09:13:00","date_gmt":"2020-02-19T12:13:00","guid":{"rendered":"http:\/\/proctogastro.kinghost.net\/site1\/?page_id=2217"},"modified":"2020-03-02T10:51:11","modified_gmt":"2020-03-02T13:51:11","slug":"cirurgia-de-duodenal-switch","status":"publish","type":"page","link":"https:\/\/proctogastro.com.br\/index.php\/especialidades\/cirurgias\/cirurgia-da-obesidade\/cirurgia-de-duodenal-switch\/","title":{"rendered":"Cirurgia de Duodenal switch"},"content":{"rendered":"<div id=\"pl-2217\"  class=\"panel-layout\" ><div id=\"pg-2217-0\"  class=\"panel-grid panel-no-style\" ><div id=\"pgc-2217-0-0\"  class=\"panel-grid-cell\" ><div id=\"panel-2217-0-0-0\" class=\"so-panel widget widget_sow-editor panel-first-child\" data-index=\"0\" ><div class=\"so-widget-sow-editor so-widget-sow-editor-base\">\n<div class=\"siteorigin-widget-tinymce textwidget\">\n\t<p>Cirurgia do\u00a0<strong>\u201c<em>Duodenal switch<\/em>\u201d<\/strong>\u00a0\u00e9 uma t\u00e9cnica cir\u00fargica parecida com a de\u00a0<em>Scopinaro<\/em>, apresentando como diferen\u00e7a a maneira de cortar o est\u00f4mago (o est\u00f4mago \u00e9 cortado longitudinalmente) e pelo fato de preservar o piloro (v\u00e1lvula que controla o esvaziamento do est\u00f4mago). No restante a cirurgia \u00e9 similar \u00e0 de\u00a0<em>Scopinaro<\/em>.<\/p>\n<\/div>\n<\/div><\/div><div id=\"panel-2217-0-0-1\" class=\"so-panel widget widget_sow-editor panel-last-child\" data-index=\"1\" ><div class=\"so-widget-sow-editor so-widget-sow-editor-base\">\n<div class=\"siteorigin-widget-tinymce textwidget\">\n\t<p><img decoding=\"async\" loading=\"lazy\" class=\"aligncenter wp-image-2283\" src=\"http:\/\/proctogastro.kinghost.net\/site1\/wp-content\/uploads\/2020\/03\/duodenal.switch01-300x148.jpg\" alt=\"\" width=\"600\" height=\"296\" srcset=\"https:\/\/proctogastro.com.br\/wp-content\/uploads\/2020\/03\/duodenal.switch01-300x148.jpg 300w, https:\/\/proctogastro.com.br\/wp-content\/uploads\/2020\/03\/duodenal.switch01-768x378.jpg 768w, https:\/\/proctogastro.com.br\/wp-content\/uploads\/2020\/03\/duodenal.switch01-600x296.jpg 600w, https:\/\/proctogastro.com.br\/wp-content\/uploads\/2020\/03\/duodenal.switch01.jpg 800w\" sizes=\"(max-width: 600px) 100vw, 600px\" \/><\/p>\n<\/div>\n<\/div><\/div><\/div><\/div><\/div>","protected":false},"excerpt":{"rendered":"<p>Cirurgia do\u00a0\u201cDuodenal switch\u201d\u00a0\u00e9 uma t\u00e9cnica cir\u00fargica parecida com a de\u00a0Scopinaro, apresentando como diferen\u00e7a a maneira de cortar o est\u00f4mago (o est\u00f4mago \u00e9 cortado longitudinalmente) e pelo fato de preservar o piloro (v\u00e1lvula que controla o esvaziamento do est\u00f4mago). No restante a cirurgia \u00e9 similar \u00e0 de\u00a0Scopinaro.<\/p>\n","protected":false},"author":1,"featured_media":0,"parent":151,"menu_order":0,"comment_status":"closed","ping_status":"closed","template":"","meta":{"_joinchat":[]},"_links":{"self":[{"href":"https:\/\/proctogastro.com.br\/index.php\/wp-json\/wp\/v2\/pages\/2217"}],"collection":[{"href":"https:\/\/proctogastro.com.br\/index.php\/wp-json\/wp\/v2\/pages"}],"about":[{"href":"https:\/\/proctogastro.com.br\/index.php\/wp-json\/wp\/v2\/types\/page"}],"author":[{"embeddable":true,"href":"https:\/\/proctogastro.com.br\/index.php\/wp-json\/wp\/v2\/users\/1"}],"replies":[{"embeddable":true,"href":"https:\/\/proctogastro.com.br\/index.php\/wp-json\/wp\/v2\/comments?post=2217"}],"version-history":[{"count":3,"href":"https:\/\/proctogastro.com.br\/index.php\/wp-json\/wp\/v2\/pages\/2217\/revisions"}],"predecessor-version":[{"id":2284,"href":"https:\/\/proctogastro.com.br\/index.php\/wp-json\/wp\/v2\/pages\/2217\/revisions\/2284"}],"up":[{"embeddable":true,"href":"https:\/\/proctogastro.com.br\/index.php\/wp-json\/wp\/v2\/pages\/151"}],"wp:attachment":[{"href":"https:\/\/proctogastro.com.br\/index.php\/wp-json\/wp\/v2\/media?parent=2217"}],"curies":[{"name":"wp","href":"https:\/\/api.w.org\/{rel}","templated":true}]}}